2660?
True
Does 8 divide 5404904?
True
Is 9 a factor of 4797342?
True
Is 138 a factor of 3915198?
True
Is 807 a factor of 3365190?
True
Does 22 divide 1422519?
False
Does 463 divide 514856?
True
Is 2380476 a multiple of 21?
True
Does 55 divide 1193995?
True
Is 10 a factor of 104310?
True
Does 213 divide 13043268?
True
Is 19 a factor of 1532141?
True
Is 954387 a multiple of 21?
True
Does 60 divide 4885443?
False
Is 4407871 a multiple of 12?
False
Does 113 divide 9272297?
False
Is 374 a factor of 24666764?
False
Does 333 divide 263875?
False
Is 32345 a multiple of 2?
False
Is 174 a factor of 1046088?
True
Is 26 a factor of 12854557?
False
Does 43 divide 661383?
True
Does 1715 divide 5061307?
False
Does 19 divide 134691?
True
Does 6 divide 53657?
False
Is 15 a factor of 334113?
False
Does 42 divide 1926026?
False
Does 5 divide 797778?
False
Does 36 divide 57701?
False
Does 246 divide 1341438?
True
Is 163 a factor of 15473316?
False
Is 832042 a multiple of 74?
False
Is 9 a factor of 1242051?
False
Does 17 divide 424133?
True
Is 220126 a multiple of 116?
False
Is 2605041 a multiple of 10?
False
Is 124 a factor of 188727?
False
Is 1634273 a multiple of 14?
False
Is 332 a factor of 269252?
True
Does 38 divide 414059?
False
Is 1204385 a multiple of 35?
True
Is 84 a factor of 1311276?
False
Is 75 a factor of 63640?
False
Is 3314509 a multiple of 241?
False
Does 7 divide 228662?
True
Is 11383642 a multiple of 37?
True
Is 20721632 a multiple of 35?
False
Is 188768 a multiple of 34?
True
Is 41 a factor of 216726?
True
Is 70831 a multiple of 193?
True
Does 17 divide 567147?
False
Does 495 divide 1630435?
False
Is 256333 a multiple of 19?
False
Does 245 divide 4968355?
True
Is 1183028 a multiple of 161?
True
Does 5 divide 402915?
True
Does 270 divide 3055583?
False
Is 2301 a multiple of 3?
True
Is 230 a factor of 200334?
False
Is 2100 a multiple of 50?
True
Is 27 a factor of 59022?
True
Is 316 a factor of 156894?
False
Does 20 divide 483777?
False
Does 5 divide 133340?
True
Is 312750 a multiple of 8?
False
Is 493620 a multiple of 48?
False
Is 129 a factor of 314967?
False
Does 840 divide 1410295?
False
Does 41 divide 2801525?
False
Is 3077016 a multiple of 232?
True
Is 61 a factor of 744538?
False
Is 62771 a multiple of 432?
False
Is 106994 a multiple of 233?
False
Is 6 a factor of 5625497?
False
Is 4950421 a multiple of 1519?
True
Is 2021917 a multiple of 31?
False
Is 319408 a multiple of 123?
False
Is 3067957 a multiple of 14?
False
Is 12 a factor of 288789?
False
Is 24 a factor of 533708?
False
Is 2636203 a multiple of 35?
False
Is 3183752 a multiple of 484?
True
Is 194 a factor of 76461?
False
Does 22 divide 92928?
True
Is 7 a factor of 12293?
False
Is 26 a factor of 80813?
False
Does 8 divide 6550120?
True
Is 17000886 a multiple of 707?
False
Is 640500 a multiple of 122?
True
Is 340992 a multiple of 26?
False
Is 9 a factor of 1886445?
True
Does 118 divide 120242?
True
Does 18 divide 147852?
True
Does 166 divide 886440?
True
Is 19 a factor of 952451?
True
Is 6 a factor of 28353?
False
Is 304794 a multiple of 191?
False
Is 2 a factor of 8213?
False
Is 613 a factor of 2862097?
True
Is 37 a factor of 11131593?
False
Is 269322 a multiple of 321?
False
Is 249 a factor of 19122702?
True
Is 686 a factor of 1698536?
True
Does 455 divide 1157065?
True
Does 39 divide 198362?
False
Is 451656 a multiple of 54?
True
Does 28 divide 1888802?
False
Is 14 a factor of 555?
False
Does 54 divide 1354158?
True
Does 109 divide 150096?
False
Does 30 divide 93720?
True
Is 170240 a multiple of 133?
True
Is 67 a factor of 220854?
False
Does 8 divide 279453?
False
Does 12 divide 998436?
True
Is 195330 a multiple of 19?
False
Is 5 a factor of 759355?
True
Is 352660 a multiple of 14?
True
Is 123056 a multiple of 16?
True
Does 638 divide 4974486?
True
Is 249 a factor of 1580852?
False
Is 56 a factor of 8074244?
False
Does 9 divide 282600?
True
Is 186 a factor of 166842?
True
Is 7 a factor of 172753?
True
Is 280005 a multiple of 9?
False
Does 19 divide 1877152?
False
Is 379 a factor of 155769?
True
Is 3 a factor of 124911?
True
Is 408 a factor of 93024?
True
Is 426 a factor of 79662?
True
Does 22 divide 161018?
True
Is 1923891 a multiple of 146?
False
Is 760818 a multiple of 51?
True
Is 2081583 a multiple of 329?
True
Is 17 a factor of 4586523?
False
Is 3720504 a multiple of 109?
False
Does 31 divide 18415023?
True
Does 404 divide 17358?
False
Does 11 divide 192717?
False
Is 3297986 a multiple of 8?
False
Is 327 a factor of 3606088?
False
Is 9 a factor of 3420?
True
Does 9 divide 44544?
False
Does 880 divide 2305764?
False
Is 3 a factor of 757834?
False
Is 184934 even?
True
Is 27 a factor of 198550?
False
Is 521123 a multiple of 5?
False
Is 2094685 a multiple of 13?
False
Is 47936 a multiple of 410?
False
Does 164 divide 889216?
False
Is 234320 a multiple of 26?
False
Does 326 divide 59332?
True
Does 72 divide 34992?
True
Does 11 divide 61382?
False
Does 15 divide 86910?
True
Does 6 divide 1410?
True
Is 6 a factor of 325574?
False
Is 24158 a multiple of 840?
False
Is 6 a factor of 1162896?
True
Is 1121292 a multiple of 43?
False
Is 46 a factor of 2513362?
False
Is 611544 a multiple of 332?
True
Is 7880938 a multiple of 6?
False
Is 696818 a multiple of 20?
False
Is 10 a factor of 2660512?
False
Is 498666 a multiple of 437?
False
Does 22 divide 43273758?
True
Is 556192 a multiple of 52?
True
Is 28 a factor of 390089?
False
Does 258 divide 200466?
True
Does 5 divide 24600?
True
Is 18 a factor of 3045132?
True
Is 1002900 a multiple of 100?
True
Does 14 divide 12981?
False
Is 31862 a multiple of 89?
True
Does 21 divide 51620?
False
Is 200629 a multiple of 11?
True
Is 2723912 a multiple of 54?
False
Is 20 a factor of 8955068?
False
Does 4 divide 176632?
True
Is 27 a factor of 4233991?
False
Does 8 divide 854976?
True
Is 14 a factor of 728436?
False
Is 140 a factor of 71512?
False
Does 6 divide 3838032?
True
Is 104825 a multiple of 186?
False
Is 64952 a multiple of 46?
True
Is 80405 a multiple of 30?
False
Is 1812288 a multiple of 16?
True
Does 196 divide 5341886?
False
Is 468738 a multiple of 18?
True
Does 461 divide 878942?
False
Does 214 divide 16556790?
False
Is 309 a factor of 83891?
False
Is 6 a factor of 372?
True
Is 2 a factor of 8256?
True
Is 72756 a multiple of 107?
False
Is 1749779 a multiple of 9?
False
Is 901100 a multiple of 313?
False
Is 36 a factor of 1662228?
True
Does 232 divide 112752?
True
Is 73458 a multiple of 63?
True
Does 1337 divide 919569?
False
Is 4 a factor of 33545?
False
Does 8 divide 447251?
False
Is 1077918 a multiple of 642?
True
Is 49 a factor of 17078388?
False
Is 956606 a multiple of 4?
False
Does 6 divide 105078?
True
Is 17595333 a multiple of 189?
True
Is 3 a factor of 304877?
False
Is 19 a factor of 841187?
True
Is 66231 a multiple of 25?
False
Does 12 divide 8877180?
True
Is 3497636 a multiple of 22?
False
Does 18 divide 57469?
False
Is 186246 a multiple of 9?
True
Is 3273 a multiple of 2?
False
Is 604691 a multiple of 59?
True
Does 10 divide 5063?
False
Does 19 divide 833480?
False
Is 6 a factor of 165372?
True
Is 436 a factor of 11392244?
True
Does 197 divide 978767?
False
Does 31 divide 458551?
False
Does 12 divide 752388?
True
Is 288 a factor of 2279218?
False
Is 3 a factor of 739245?
True
Is 1247428 a multiple of 7?
True
Is 388307 a multiple of 3?
False
Does 411 divide 19203153?
True
Is 2544815 a multiple of 4?
False
Is 35 a factor of 15645?
True
Does 21 divide 1095196?
False
Is 285 a factor of 532055?
False
Does 746 divide 961594?
True
Is 173 a factor of 70098?
False
Is 2880042 a multiple of 121?
True
Is 27547 a multiple of 169?
True
Is 1864804 a multiple of 59?
False
Is 9380646 a multiple of 649?
True
Is 33 a factor of 777307?
False
Is 35 a factor of 1695388?
False
Is 23 a factor of 31852493?
True
Does 196 divide 21730912?
True
Does 192 divide 859776?
True
Is 178171 a multiple of 3?
False
Is 48 a factor of 1325712?
True
Is 4408150 a multiple of 50?
True
Is 61 a factor of 66063?
True
Does 87 divide 214945?
False
Is 44460 a multiple of 10?
True
Is 24 a factor of 1015734?
False
Does 190 divide 10830?
True
Does 86 divide 258172?
True
Is 1832917 a multiple of 32?
False
Is 31 a factor of 2033941?
True
Is 2747808 a multiple of 58?
True
Is 53694 a